{"id":69,"date":"2024-08-27T21:15:11","date_gmt":"2024-08-27T21:15:11","guid":{"rendered":"https:\/\/cvdoctor.at\/deutsch\/?page_id=69"},"modified":"2024-10-17T21:38:45","modified_gmt":"2024-10-17T21:38:45","slug":"my-services","status":"publish","type":"page","link":"https:\/\/cvdoctor.at\/deutsch\/my-services\/","title":{"rendered":"My Services"},"content":{"rendered":"\t\t<div data-elementor-type=\"wp-page\" data-elementor-id=\"69\" class=\"elementor elementor-69\">\n\t\t\t\t<div class=\"elementor-element elementor-element-dd03f5f e-flex e-con-boxed e-con e-parent\" data-id=\"dd03f5f\" data-element_type=\"container\" data-e-type=\"container\">\n\t\t\t\t\t<div class=\"e-con-inner\">\n\t\t\t\t<div class=\"elementor-element elementor-element-97af37c elementor-widget elementor-widget-heading\" data-id=\"97af37c\" data-element_type=\"widget\" data-e-type=\"widget\" data-widget_type=\"heading.default\">\n\t\t\t\t<div class=\"elementor-widget-container\">\n\t\t\t\t\t<h2 class=\"elementor-heading-title elementor-size-default\">HOLEN SIE SICH EINEN KOSTENLOSEN LEBENSLAUF-CHECK - LADEN SIE IHREN AKTUELLEN LEBENSLAUF HIER UNTER HOCH<\/h2>\t\t\t\t<\/div>\n\t\t\t\t<\/div>\n\t\t\t\t\t<\/div>\n\t\t\t\t<\/div>\n\t\t<div class=\"elementor-element elementor-element-c9d72d2 e-flex e-con-boxed e-con e-parent\" data-id=\"c9d72d2\" data-element_type=\"container\" data-e-type=\"container\">\n\t\t\t\t\t<div class=\"e-con-inner\">\n\t\t\t\t<div class=\"elementor-element elementor-element-23e2634 elementor-widget elementor-widget-text-editor\" data-id=\"23e2634\" data-element_type=\"widget\" data-e-type=\"widget\" data-widget_type=\"text-editor.default\">\n\t\t\t\t<div class=\"elementor-widget-container\">\n\t\t\t\t\t\t\t\t\t<h1 style=\"text-align: center;\"><span style=\"color: #008000;\">Meine Dienstleistungen \u2013 Professionelle Lebensl\u00e4ufe, Bewerbungsschreiben und LinkedIn-Profile<\/span><\/h1><p style=\"text-align: center;\"><img fetchpriority=\"high\" decoding=\"async\" class=\"wp-image-53 aligncenter\" src=\"https:\/\/cvdoctor.at\/deutsch\/wp-content\/uploads\/2024\/08\/Vienna_Austria-page-300x170.png\" alt=\"\" width=\"441\" height=\"250\" srcset=\"https:\/\/cvdoctor.at\/deutsch\/wp-content\/uploads\/2024\/08\/Vienna_Austria-page-300x170.png 300w, https:\/\/cvdoctor.at\/deutsch\/wp-content\/uploads\/2024\/08\/Vienna_Austria-page.png 552w\" sizes=\"(max-width: 441px) 100vw, 441px\" \/><\/p><p>Ich biete spezialisierte Lebenslauf-Schreibdienste f\u00fcr Kunden in ganz \u00d6sterreich (haupts\u00e4chlich Wien), Irland, Deutschland, den Niederlanden und der gesamten EU an. Mit umfangreicher Erfahrung in der Erstellung effektiver Lebensl\u00e4ufe auf Englisch bringe ich ein tiefes Verst\u00e4ndnis f\u00fcr Rekrutierungsprozesse mit, unterst\u00fctzt durch meine Verbindungen zu gro\u00dfen multinationalen Unternehmen wie Dell, Intel, Facebook, Stripe, Kerry Foods, Microsoft, Twitter und Airbnb. Meine Einblicke in diese Prozesse werden durch meine engen Beziehungen zu den Rekrutierungsoperationen in Dublin weiter verst\u00e4rkt, das als EU-Hauptsitz vieler internationaler Firmen fungiert.<\/p><p>Um unsere Zusammenarbeit zu starten und einen reibungslosen Kommunikationskanal zu etablieren, empfehle ich, Ihren aktuellen Lebenslauf hochzuladen, um eine detaillierte \u00dcberpr\u00fcfung vorzunehmen. Dies erm\u00f6glicht mir, ehrliches Feedback zu geben und ein genaues Angebot f\u00fcr die ben\u00f6tigten Dienstleistungen zu unterbreiten. W\u00e4hrend ich h\u00e4ufig mit Managern und F\u00fchrungskr\u00e4ften arbeite, bin ich ebenso begeistert, jedem Fachmann zu helfen, der seinen Lebenslauf, sein Bewerbungsschreiben und sein LinkedIn-Profil verbessern m\u00f6chte.<\/p><p>Wenn Sie mit mir zusammenarbeiten, k\u00f6nnen Sie eine gr\u00fcndliche Verpflichtung zu Forschung, Zeit und Aufwand erwarten, um ein wirkungsvoll gestaltetes, erfolgsversprechendes Dokument zu erstellen, das auf Ihre Karriereziele zugeschnitten ist. Laden Sie jetzt Ihren aktuellen Lebenslauf hoch, um Ihre Karrierechancen zu verbessern.<\/p>\t\t\t\t\t\t\t\t<\/div>\n\t\t\t\t<\/div>\n\t\t\t\t\t<\/div>\n\t\t\t\t<\/div>\n\t\t<div class=\"elementor-element elementor-element-f2b52c6 e-flex e-con-boxed e-con e-parent\" data-id=\"f2b52c6\" data-element_type=\"container\" data-e-type=\"container\">\n\t\t\t\t\t<div class=\"e-con-inner\">\n\t\t\t\t<div class=\"elementor-element elementor-element-84ded77 elementor-widget elementor-widget-text-editor\" data-id=\"84ded77\" data-element_type=\"widget\" data-e-type=\"widget\" data-widget_type=\"text-editor.default\">\n\t\t\t\t<div class=\"elementor-widget-container\">\n\t\t\t\t\t\t\t\t\t<h1 style=\"text-align: center;\"><span style=\"color: #008000;\">UM DEN PROZESS ZU BEGINNEN \u2013 LADEN SIE IHREN LEBENSLAUF HIER UNTER HOCH<\/span><\/h1><p>\n<div class=\"wpcf7 no-js\" id=\"wpcf7-f8-o1\" lang=\"en-US\" dir=\"ltr\" data-wpcf7-id=\"8\">\n<div class=\"screen-reader-response\"><p role=\"status\" aria-live=\"polite\" aria-atomic=\"true\"><\/p> <ul><\/ul><\/div>\n<form action=\"\/deutsch\/wp-json\/wp\/v2\/pages\/69#wpcf7-f8-o1\" method=\"post\" class=\"wpcf7-form init\" aria-label=\"Contact form\" enctype=\"multipart\/form-data\" novalidate=\"novalidate\" data-status=\"init\">\n<fieldset class=\"hidden-fields-container\"><input type=\"hidden\" name=\"_wpcf7\" value=\"8\" \/><input type=\"hidden\" name=\"_wpcf7_version\" value=\"6.1.5\" \/><input type=\"hidden\" name=\"_wpcf7_locale\" value=\"en_US\" \/><input type=\"hidden\" name=\"_wpcf7_unit_tag\" value=\"wpcf7-f8-o1\" \/><input type=\"hidden\" name=\"_wpcf7_container_post\" value=\"0\" \/><input type=\"hidden\" name=\"_wpcf7_posted_data_hash\" value=\"\" \/>\n<\/fieldset>\n<p><label> Your Name (required)<br \/>\n<span class=\"wpcf7-form-control-wrap\" data-name=\"your-name\"><input size=\"40\" maxlength=\"400\" class=\"wpcf7-form-control wpcf7-text wpcf7-validates-as-required\" aria-required=\"true\" aria-invalid=\"false\" value=\"\" type=\"text\" name=\"your-name\" \/><\/span> <\/label>\n<\/p>\n<p><label> Your Email (required)<br \/>\n<span class=\"wpcf7-form-control-wrap\" data-name=\"your-email\"><input size=\"40\" maxlength=\"400\" class=\"wpcf7-form-control wpcf7-email wpcf7-validates-as-required wpcf7-text wpcf7-validates-as-email\" aria-required=\"true\" aria-invalid=\"false\" value=\"\" type=\"email\" name=\"your-email\" \/><\/span> <\/label>\n<\/p>\n<p><label> Subject<br \/>\n<span class=\"wpcf7-form-control-wrap\" data-name=\"your-subject\"><input size=\"40\" maxlength=\"400\" class=\"wpcf7-form-control wpcf7-text wpcf7-validates-as-required\" aria-required=\"true\" aria-invalid=\"false\" value=\"\" type=\"text\" name=\"your-subject\" \/><\/span> <\/label>\n<\/p>\n<p><label> Your Message<br \/>\n<span class=\"wpcf7-form-control-wrap\" data-name=\"your-message\"><input size=\"40\" maxlength=\"400\" class=\"wpcf7-form-control wpcf7-text wpcf7-validates-as-required\" aria-required=\"true\" aria-invalid=\"false\" value=\"\" type=\"text\" name=\"your-message\" \/><\/span> <\/label>\n<\/p>\n<p><label> Please Upload Your Current CV<br \/>\n<span class=\"wpcf7-form-control-wrap\" data-name=\"file-403\"><input size=\"40\" class=\"wpcf7-form-control wpcf7-file wpcf7-validates-as-required\" accept=\".jpg,.jpeg,.png,.gif,.pdf,.doc,.docx,.odt\" aria-required=\"true\" aria-invalid=\"false\" type=\"file\" name=\"file-403\" \/><\/span> <\/label>\n<\/p>\n<p>ANTI &#8211; SPAM: Please Answer the following Question<br \/>\n<span class=\"wpcf7-form-control-wrap\" data-name=\"capital-quiz\"><label><span class=\"wpcf7-quiz-label\">Which is bigger, 2 or 8?<\/span> <input size=\"40\" class=\"wpcf7-form-control wpcf7-quiz\" autocomplete=\"off\" aria-required=\"true\" aria-invalid=\"false\" type=\"text\" name=\"capital-quiz\" \/><\/label><input type=\"hidden\" name=\"_wpcf7_quiz_answer_capital-quiz\" value=\"81070423a0bbe41f233da0f92d10aa8d\" \/><\/span>\n<\/p>\n<p><input class=\"wpcf7-form-control wpcf7-submit has-spinner\" type=\"submit\" value=\"Send\" \/>\n<\/p><p style=\"display: none !important;\" class=\"akismet-fields-container\" data-prefix=\"_wpcf7_ak_\"><label>&#916;<textarea name=\"_wpcf7_ak_hp_textarea\" cols=\"45\" rows=\"8\" maxlength=\"100\"><\/textarea><\/label><input type=\"hidden\" id=\"ak_js_1\" name=\"_wpcf7_ak_js\" value=\"175\"\/><script>document.getElementById( \"ak_js_1\" ).setAttribute( \"value\", ( new Date() ).getTime() );<\/script><\/p><div class=\"wpcf7-response-output\" aria-hidden=\"true\"><\/div>\n<\/form>\n<\/div>\n<\/p>\t\t\t\t\t\t\t\t<\/div>\n\t\t\t\t<\/div>\n\t\t\t\t\t<\/div>\n\t\t\t\t<\/div>\n\t\t<div class=\"elementor-element elementor-element-ee81710 e-flex e-con-boxed e-con e-parent\" data-id=\"ee81710\" data-element_type=\"container\" data-e-type=\"container\">\n\t\t\t\t\t<div class=\"e-con-inner\">\n\t\t<div class=\"elementor-element elementor-element-7d88c07 e-con-full e-flex e-con e-child\" data-id=\"7d88c07\" data-element_type=\"container\" data-e-type=\"container\">\n\t\t\t\t<div class=\"elementor-element elementor-element-23155b6 elementor-widget elementor-widget-image\" data-id=\"23155b6\" data-element_type=\"widget\" data-e-type=\"widget\" data-widget_type=\"image.default\">\n\t\t\t\t<div class=\"elementor-widget-container\">\n\t\t\t\t\t\t\t\t\t\t\t\t\t\t\t<img decoding=\"async\" width=\"695\" height=\"409\" src=\"https:\/\/cvdoctor.at\/deutsch\/wp-content\/uploads\/2024\/10\/Austria_CV.png\" class=\"attachment-large size-large wp-image-143\" alt=\"\" srcset=\"https:\/\/cvdoctor.at\/deutsch\/wp-content\/uploads\/2024\/10\/Austria_CV.png 695w, https:\/\/cvdoctor.at\/deutsch\/wp-content\/uploads\/2024\/10\/Austria_CV-300x177.png 300w\" sizes=\"(max-width: 695px) 100vw, 695px\" \/>\t\t\t\t\t\t\t\t\t\t\t\t\t\t\t<\/div>\n\t\t\t\t<\/div>\n\t\t\t\t<\/div>\n\t\t<div class=\"elementor-element elementor-element-029e50b e-con-full e-flex e-con e-child\" data-id=\"029e50b\" data-element_type=\"container\" data-e-type=\"container\">\n\t\t\t\t<div class=\"elementor-element elementor-element-b41b912 elementor-widget elementor-widget-image\" data-id=\"b41b912\" data-element_type=\"widget\" data-e-type=\"widget\" data-widget_type=\"image.default\">\n\t\t\t\t<div class=\"elementor-widget-container\">\n\t\t\t\t\t\t\t\t\t\t\t\t\t\t\t<img decoding=\"async\" width=\"695\" height=\"458\" src=\"https:\/\/cvdoctor.at\/deutsch\/wp-content\/uploads\/2024\/10\/Austria_CV_2.png\" class=\"attachment-large size-large wp-image-144\" alt=\"\" srcset=\"https:\/\/cvdoctor.at\/deutsch\/wp-content\/uploads\/2024\/10\/Austria_CV_2.png 695w, https:\/\/cvdoctor.at\/deutsch\/wp-content\/uploads\/2024\/10\/Austria_CV_2-300x198.png 300w\" sizes=\"(max-width: 695px) 100vw, 695px\" \/>\t\t\t\t\t\t\t\t\t\t\t\t\t\t\t<\/div>\n\t\t\t\t<\/div>\n\t\t\t\t<\/div>\n\t\t\t\t\t<\/div>\n\t\t\t\t<\/div>\n\t\t<div class=\"elementor-element elementor-element-d8ae737 e-con-full e-flex e-con e-parent\" data-id=\"d8ae737\" data-element_type=\"container\" data-e-type=\"container\" data-settings=\"{&quot;background_background&quot;:&quot;classic&quot;}\">\n\t\t<div class=\"elementor-element elementor-element-8ed70c9 e-flex e-con-boxed e-con e-child\" data-id=\"8ed70c9\" data-element_type=\"container\" data-e-type=\"container\">\n\t\t\t\t\t<div class=\"e-con-inner\">\n\t\t\t\t<div class=\"elementor-element elementor-element-55dd760 elementor-widget elementor-widget-heading\" data-id=\"55dd760\" data-element_type=\"widget\" data-e-type=\"widget\" data-widget_type=\"heading.default\">\n\t\t\t\t<div class=\"elementor-widget-container\">\n\t\t\t\t\t<h2 class=\"elementor-heading-title elementor-size-default\">The CV Doctor - Wien und \u00d6sterreich \u2013 Meine Dienstleistungen<\/h2>\t\t\t\t<\/div>\n\t\t\t\t<\/div>\n\t\t\t\t<div class=\"elementor-element elementor-element-ea801e6 elementor-widget elementor-widget-heading\" data-id=\"ea801e6\" data-element_type=\"widget\" data-e-type=\"widget\" data-widget_type=\"heading.default\">\n\t\t\t\t<div class=\"elementor-widget-container\">\n\t\t\t\t\t<h3 class=\"elementor-heading-title elementor-size-default\">Ein erfolgversprechender Lebenslauf, Bewerbungsschreiben und LinkedIn-Profil f\u00fcr F\u00fchrungspositionen<\/h3>\t\t\t\t<\/div>\n\t\t\t\t<\/div>\n\t\t\t\t\t<\/div>\n\t\t\t\t<\/div>\n\t\t<div class=\"elementor-element elementor-element-641463b e-flex e-con-boxed e-con e-child\" data-id=\"641463b\" data-element_type=\"container\" data-e-type=\"container\">\n\t\t\t\t\t<div class=\"e-con-inner\">\n\t\t<div class=\"elementor-element elementor-element-b46b8a7 e-con-full e-flex elementor-invisible e-con e-child\" data-id=\"b46b8a7\" data-element_type=\"container\" data-e-type=\"container\" data-settings=\"{&quot;animation&quot;:&quot;fadeInUp&quot;}\">\n\t\t<div class=\"elementor-element elementor-element-f3c9a04 e-con-full e-flex elementor-invisible e-con e-child\" data-id=\"f3c9a04\" data-element_type=\"container\" data-e-type=\"container\" data-settings=\"{&quot;animation&quot;:&quot;fadeInUp&quot;}\">\n\t\t\t\t<div class=\"elementor-element elementor-element-f20f9b6 elementor-widget elementor-widget-text-editor\" data-id=\"f20f9b6\" data-element_type=\"widget\" data-e-type=\"widget\" data-widget_type=\"text-editor.default\">\n\t\t\t\t<div class=\"elementor-widget-container\">\n\t\t\t\t\t\t\t\t\t<h2 style=\"text-align: center;\"><span style=\"color: #ffff00;\">Professionelles Lebenslauf-Design mit pers\u00f6nlicher Note<\/span><\/h2><p>Mit \u00fcber einem Jahrzehnt Erfahrung in der Erstellung wirkungsvoller Lebensl\u00e4ufe f\u00fcr F\u00fchrungskr\u00e4fte, Fachkr\u00e4fte und Manager wei\u00df ich, wie man recherchiert, Schl\u00fcsselw\u00f6rter integriert und Dokumente erstellt, die messbare Ergebnisse liefern.<\/p>\t\t\t\t\t\t\t\t<\/div>\n\t\t\t\t<\/div>\n\t\t\t\t<div class=\"elementor-element elementor-element-aafa875 elementor-widget elementor-widget-text-editor\" data-id=\"aafa875\" data-element_type=\"widget\" data-e-type=\"widget\" data-widget_type=\"text-editor.default\">\n\t\t\t\t<div class=\"elementor-widget-container\">\n\t\t\t\t\t\t\t\t\t<h2 style=\"text-align: center;\"><strong><span style=\"color: #ffff00;\">\u00dcberzeugende Bewerbungsschreiben, die den Unterschied machen<\/span><\/strong><\/h2><p>Ein gut formuliertes Bewerbungsschreiben, oft als der zweite Lebenslauf angesehen, ist ein entscheidender Bestandteil jeder Bewerbung. Ma\u00dfgeschneiderte und keyword-reiche Bewerbungsschreiben erh\u00f6hen Ihre Erfolgschancen erheblich, abh\u00e4ngig von der Rolle und dem Erfahrungsgrad.<\/p>\t\t\t\t\t\t\t\t<\/div>\n\t\t\t\t<\/div>\n\t\t\t\t<div class=\"elementor-element elementor-element-b37ed5d elementor-widget elementor-widget-text-editor\" data-id=\"b37ed5d\" data-element_type=\"widget\" data-e-type=\"widget\" data-widget_type=\"text-editor.default\">\n\t\t\t\t<div class=\"elementor-widget-container\">\n\t\t\t\t\t\t\t\t\t<h2 style=\"text-align: center;\"><span style=\"color: #ffff00;\">ATS\/AI\/SEO-freundliche LinkedIn-Profile<\/span><\/h2><p style=\"text-align: center;\">Ein professionell verfasstes LinkedIn-Profil, das f\u00fcr SEO optimiert ist, kann einen erheblichen Unterschied machen. Es stellt sicher, dass Sie f\u00fcr Headhunter und Recruiter sichtbar sind und hilft Ihnen, einen starken Eindruck zu hinterlassen, nachdem Sie sich f\u00fcr eine Position beworben haben.<\/p>\t\t\t\t\t\t\t\t<\/div>\n\t\t\t\t<\/div>\n\t\t\t\t<\/div>\n\t\t\t\t<\/div>\n\t\t\t\t\t<\/div>\n\t\t\t\t<\/div>\n\t\t\t\t<\/div>\n\t\t\t\t<\/div>\n\t\t","protected":false},"excerpt":{"rendered":"<p>HOLEN SIE SICH EINEN KOSTENLOSEN LEBENSLAUF-CHECK &#8211; LADEN SIE IHREN AKTUELLEN LEBENSLAUF HIER UNTER HOCH Meine Dienstleistungen \u2013 Professionelle Lebensl\u00e4ufe, Bewerbungsschreiben und LinkedIn-Profile Ich biete spezialisierte Lebenslauf-Schreibdienste f\u00fcr Kunden in ganz \u00d6sterreich (haupts\u00e4chlich Wien), Irland, Deutschland, den Niederlanden und der gesamten EU an. Mit umfangreicher Erfahrung in der Erstellung effektiver Lebensl\u00e4ufe auf Englisch bringe ich [&hellip;]<\/p>\n","protected":false},"author":1,"featured_media":0,"parent":0,"menu_order":0,"comment_status":"closed","ping_status":"closed","template":"elementor_header_footer","meta":{"ocean_post_layout":"","ocean_both_sidebars_style":"","ocean_both_sidebars_content_width":0,"ocean_both_sidebars_sidebars_width":0,"ocean_sidebar":"","ocean_second_sidebar":"","ocean_disable_margins":"enable","ocean_add_body_class":"","ocean_shortcode_before_top_bar":"","ocean_shortcode_after_top_bar":"","ocean_shortcode_before_header":"","ocean_shortcode_after_header":"","ocean_has_shortcode":"","ocean_shortcode_after_title":"","ocean_shortcode_before_footer_widgets":"","ocean_shortcode_after_footer_widgets":"","ocean_shortcode_before_footer_bottom":"","ocean_shortcode_after_footer_bottom":"","ocean_display_top_bar":"default","ocean_display_header":"default","ocean_header_style":"","ocean_center_header_left_menu":"","ocean_custom_header_template":"","ocean_custom_logo":0,"ocean_custom_retina_logo":0,"ocean_custom_logo_max_width":0,"ocean_custom_logo_tablet_max_width":0,"ocean_custom_logo_mobile_max_width":0,"ocean_custom_logo_max_height":0,"ocean_custom_logo_tablet_max_height":0,"ocean_custom_logo_mobile_max_height":0,"ocean_header_custom_menu":"","ocean_menu_typo_font_family":"","ocean_menu_typo_font_subset":"","ocean_menu_typo_font_size":0,"ocean_menu_typo_font_size_tablet":0,"ocean_menu_typo_font_size_mobile":0,"ocean_menu_typo_font_size_unit":"px","ocean_menu_typo_font_weight":"","ocean_menu_typo_font_weight_tablet":"","ocean_menu_typo_font_weight_mobile":"","ocean_menu_typo_transform":"","ocean_menu_typo_transform_tablet":"","ocean_menu_typo_transform_mobile":"","ocean_menu_typo_line_height":0,"ocean_menu_typo_line_height_tablet":0,"ocean_menu_typo_line_height_mobile":0,"ocean_menu_typo_line_height_unit":"","ocean_menu_typo_spacing":0,"ocean_menu_typo_spacing_tablet":0,"ocean_menu_typo_spacing_mobile":0,"ocean_menu_typo_spacing_unit":"","ocean_menu_link_color":"","ocean_menu_link_color_hover":"","ocean_menu_link_color_active":"","ocean_menu_link_background":"","ocean_menu_link_hover_background":"","ocean_menu_link_active_background":"","ocean_menu_social_links_bg":"","ocean_menu_social_hover_links_bg":"","ocean_menu_social_links_color":"","ocean_menu_social_hover_links_color":"","ocean_disable_title":"default","ocean_disable_heading":"default","ocean_post_title":"","ocean_post_subheading":"","ocean_post_title_style":"","ocean_post_title_background_color":"","ocean_post_title_background":0,"ocean_post_title_bg_image_position":"","ocean_post_title_bg_image_attachment":"","ocean_post_title_bg_image_repeat":"","ocean_post_title_bg_image_size":"","ocean_post_title_height":0,"ocean_post_title_bg_overlay":0.5,"ocean_post_title_bg_overlay_color":"","ocean_disable_breadcrumbs":"default","ocean_breadcrumbs_color":"","ocean_breadcrumbs_separator_color":"","ocean_breadcrumbs_links_color":"","ocean_breadcrumbs_links_hover_color":"","ocean_display_footer_widgets":"default","ocean_display_footer_bottom":"default","ocean_custom_footer_template":"","footnotes":""},"class_list":["post-69","page","type-page","status-publish","hentry","entry"],"aioseo_notices":[],"_links":{"self":[{"href":"https:\/\/cvdoctor.at\/deutsch\/wp-json\/wp\/v2\/pages\/69","targetHints":{"allow":["GET"]}}],"collection":[{"href":"https:\/\/cvdoctor.at\/deutsch\/wp-json\/wp\/v2\/pages"}],"about":[{"href":"https:\/\/cvdoctor.at\/deutsch\/wp-json\/wp\/v2\/types\/page"}],"author":[{"embeddable":true,"href":"https:\/\/cvdoctor.at\/deutsch\/wp-json\/wp\/v2\/users\/1"}],"replies":[{"embeddable":true,"href":"https:\/\/cvdoctor.at\/deutsch\/wp-json\/wp\/v2\/comments?post=69"}],"version-history":[{"count":13,"href":"https:\/\/cvdoctor.at\/deutsch\/wp-json\/wp\/v2\/pages\/69\/revisions"}],"predecessor-version":[{"id":156,"href":"https:\/\/cvdoctor.at\/deutsch\/wp-json\/wp\/v2\/pages\/69\/revisions\/156"}],"wp:attachment":[{"href":"https:\/\/cvdoctor.at\/deutsch\/wp-json\/wp\/v2\/media?parent=69"}],"curies":[{"name":"wp","href":"https:\/\/api.w.org\/{rel}","templated":true}]}}